1. Calculate h(-6).
-29
Let j(s) = -s**3 - 30*s**2 + 99*s - 6. Determine j(-33).
-6
Let k(l) = -l**3 - 10*l**2 + 9*l - 25. Calculate k(-11).
-3
Let o(s) = s**2 + 27*s + 49. Give o(-26).
23
Let v(b) = 3*b - 6. Calculate v(2).
0
Let k(y) = y**3 + 33*y**2 + 59*y - 100. Calculate k(-31).
-7
Let t(q) = -q - 8. What is t(-4)?
-4
Let f(t) = t**3 - 3*t**2 - 2*t - 7. Calculate f(4).
1
Let y(i) = i**2 - 9*i - 9. Determine y(11).
13
Let f(w) = 8*w**2 + 2*w. Calculate f(3).
78
Let o(l) = -l + 24. Give o(12).
12
Let z(w) = -w**2 + 13*w + 12. Give z(9).
48
Let n(d) = d**2 + 9*d - 5. What is n(-7)?
-19
Let y(z) = -z**3 + 10*z**2 + 12*z - 6. Calculate y(11).
5
Let s(h) = h**2 + 4. Determine s(0).
4
Let t(x) = 12*x + 37. Give t(-4).
-11
Let h(y) = y**3 + 8*y**2 + 2*y - 9. Calculate h(-7).
26
Let b(c) = -12*c - 1. Calculate b(-5).
59
Let y(j) = -5*j + 44. Give y(0).
44
Let q(o) = -o**3 - 3*o**2 + 4*o - 3. What is q(1)?
-3
Let o(d) = -d**3 - 6*d**2 - 6*d - 1. Give o(-3).
-10
Let d(i) = -i**2 - 4*i + 6. Determine d(-8).
-26
Let z(o) = o**2 - 7*o + 16. Calculate z(4).
4
Let c(h) = -12*h - 2. What is c(-5)?
58
Let h(y) = 34*y - 92. Give h(3).
10
Let u(m) = -6*m + 1. Calculate u(1).
-5
Let a(q) = -q**2 + 6*q. What is a(7)?
-7
Let t(x) = x**2 + 22*x - 16. Determine t(-23).
7
Let q(f) = -3*f**3 + f**2 + 4*f + 4. Determine q(-4).
196
Let b(d) = d**2 + 13*d - 10. Determine b(-14).
4
Let w(m) = m**2 + 12*m - 4. Calculate w(-12).
-4
Let k(u) = -u + 12. What is k(7)?
5
Let j(g) = 2*g**2 + 3*g - 10. Give j(-3).
-1
Let s(g) = -9*g - 17. Give s(0).
-17
Let c(k) = k**3 + 5*k**2 - 16*k - 10. Give c(-7).
4
Let k(j) = -j**2 - 11*j + 27. Give k(-13).
1
Let b(w) = w**3 + 17*w**2 + 41*w - 8. Determine b(-14).
6
Let q(z) = -5*z - 21. Calculate q(-5).
4
Let j(b) = -b**3 - 18*b**2 + 42*b + 16. Give j(-20).
-24
Let t(k) = k**3 + 3*k - 14. Calculate t(3).
22
Let f(g) = g**2 - 16*g + 46. What is f(11)?
-9
Let d(u) = -2*u - 13. Give d(-5).
-3
Let z(x) = x**2 - 25*x - 22. What is z(26)?
4
Let v(t) = -t**3 + 17*t**2 - 42*t + 4. Determine v(14).
4
Let c(n) = -2*n + 10. What is c(6)?
-2
Let h(o) = 6*o - 43. Calculate h(6).
-7
Let f(r) = 2*r**3 + 4*r**2 + 5*r + 21. Determine f(-5).
-154
Let d(x) = x**3 - 4*x**2 + 4*x - 1. Give d(3).
2
Let v(a) = a**3 - 6*a**2 + 9*a + 1. Determine v(4).
5
Let a(l) = l**2 - 14*l - 14. Determine a(15).
1
Let y(n) = -n**2 - 13*n + 5. What is y(-14)?
-9
Let q(l) = -l**3 - 2*l**2 + 3*l + 4. Determine q(3).
-32
Let b(x) = x**2 + 7*x - 6. Calculate b(-8).
2
Let t(q) = -q**2 + 16*q + 1. Calculate t(16).
1
Let w(k) = -3*k**2 - 25*k - 21. Give w(-12).
-153
Let c(z) = 12*z + 55. What is c(0)?
55
Let i(r) = r**2 - 33*r + 62. Calculate i(31).
0
Let l(a) = -28*a - 8. Determine l(-1).
20
Let q(c) = c**2 + 54*c + 66. What is q(-53)?
13
Let k(w) = -2*w**2 + 12*w + 11. Give k(7).
-3
Let q(x) = x**2 - 3*x + 3. What is q(3)?
3
Let r(d) = d**3 - d**2 - 6*d + 4. Calculate r(4).
28
Let c(o) = -o**3 + 7*o**2 + 6*o + 10. What is c(8)?
-6
Let v(x) = -6*x + 5. Give v(5).
-25
Let f(l) = l**2 + 4*l + 10. Calculate f(-8).
42
Let f(i) = -13*i - 9. Calculate f(0).
-9
Let f(x) = 2*x**3 - 5*x**2 + 3*x + 2. Determine f(2).
4
Let b(c) = 2*c**3 - 9*c**2 + 4*c - 6. Determine b(6).
126
Let y(w) = -w - 11. Determine y(-5).
-6
Let a(l) = 2*l**2 - 16*l - 1. What is a(8)?
-1
Let n(g) = g**3 + 7*g**2 + 9*g - 14. Calculate n(-8).
-150
Let m(k) = 27*k**2 - 163*k - 3. Determine m(6).
-9
Let d(q) = q**3 + 16*q**2 - q - 9. Give d(-16).
7
Let f(y) = 10*y - 68. What is f(8)?
12
Let u(k) = -k**3 + 5*k**2 - 4*k + 3. What is u(3)?
9
Let c(i) = 3*i - 25. Determine c(7).
-4
Let o(i) = -6*i + 146. Determine o(25).
-4
Let a(h) = 2*h + 32. Determine a(-16).
0
Let m(f) = f**3 + 6*f - 8. Calculate m(2).
12
Let q(c) = c**2 + c + 2. Determine q(-1).
2
Let h(u) = -u**2 + 4*u + 5. Calculate h(5).
0
Let f(g) = 4*g**2 - 4*g + 1. What is f(-2)?
25
Let r(v) = v**2 + 31*v - 62. Give r(-33).
4
Let x(z) = z**3 - 11*z**2 + 13*z + 13. Give x(10).
43
Let k(i) = -i**3 + 10*i**2 + 9*i + 23. Calculate k(11).
1
Let l(h) = h**2 - 2*h - 4. Calculate l(-3).
11
Let n(c) = -c**2 + 8*c + 8. Determine n(11).
-25
Let g(i) = -12*i - 117. Give g(-10).
3
Let q(r) = r + 11. Calculate q(-17).
-6
Let m(w) = w**2 - 21*w + 99. Give m(9).
-9
Let a(o) = o**3 - 6*o**2 - 15*o + 57. Determine a(7).
1
Let p(t) = -3*t + 40. Give p(20).
-20
Let b(m) = -32*m**3 + 3*m**2 - 4*m + 2. Calculate b(1).
-31
Let l(a) = -a**3 - 11*a**2 - 8*a + 11. Determine l(-10).
-9
Let u(y) = -26*y - 303. What is u(-12)?
9
Let p(b) = -b**2 + 11*b + 15. What is p(13)?
-11
Let p(c) = 7*c + 3. Determine p(-3).
-18
Let v(p) = -p**3 + 10*p**2 + 13*p + 8. What is v(11)?
30
Let i(t) = -2*t + 30. Give i(3).
24
Let b(d) = -d**2 + 17*d + 5. Determine b(17).
5
Let h(s) = -38*s**2 - s. What is h(-1)?
-37
Let y(t) = -8*t + 125. Calculate y(14).
13
Let z(j) = -j**3 + 28*j**2 - 29*j - 13. What is z(27)?
-67
Let l(s) = -39*s**3 + s**2 + 2*s + 1. Calculate l(-1).
39
Let d(x) = 7*x**3 + x**2 - 1. Determine d(1).
7
Let v(q) = -2*q**3 + 54*q**2 + 4. Determine v(27).
4
Let o(m) = 3*m + 17. What is o(-5)?
2
Let i(l) = -l**2 - 9*l + 9. Give i(-7).
23
Let a(d) = 15*d**3 + 2*d**2 + d. Calculate a(-1).
-14
Let t(a) = 3*a - 14. Calculate t(-6).
-32
Let w(k) = 9*k + 46. Calculate w(-6).
-8
Let r(t) = -7*t**2 + 260*t - 41. Give r(37).
-4
Let f(v) = 3*v**2 - 10*v - 23. Give f(6).
25
Let b(y) = -9*y + 2. Determine b(4).
-34
Let g(q) = 12*q**3 + 2*q**2 + 2*q. Calculate g(-1).
-12
Let v(a) = 2*a - 20. Determine v(11).
2
Let d(l) = l**2 - 15*l + 24. Give d(10).
-26
Let k(u) = -u**3 + 2*u**2 + 4*u - 2. Give k(4).
-18
Let a(f) = -f**2 + 27*f + 279. Determine a(35).
-1
Let o(u) = 2*u - 21. What is o(7)?
-7
Let v(h) = -h. Calculate v(-7).
7
Let a(q) = -q**2 - 12*q + 36. Determine a(-16).
-28
Let i(u) = 10*u + 4. Determine i(3).
34
Let r(n) = -n**3 - n**2 - 3. Give r(-4).
45
Let n(r) = -r**3 - 19*r**2 + r + 22. Determine n(-19).
3
Let z(a) = -7*a + 1. Give z(-3).
22
Let y(o) = o**3 - 15*o**2 + 14*o + 13. Calculate y(14).
13
Let t(d) = -d**3 + 10*d**2 + 11*d + 5. Determine t(11).
5
Let l(v) = v**3 - 24*v**2 + 20*v - 4. What is l(23)?
-73
Let a(t) = -4*t + 37. Calculate a(8).
5
Let s(k) = 2*k**3 - k**2 + k + 31. Calculate s(0).
31
Let n(t) = -t**3 - 4*t**2 + 3*t + 3. Give n(-3).
-15
Let f(d) = 6*d + 42. Determine f(-8).
-6
Let y(w) = -w - 16. Give y(-3).
-13
Let t(o) = 3*o**3 + 72*o**2 - 76*o - 20. Determine t(-25).
5
Let m(t) = t - 5. Calculate m(0).
-5
Let b(r) = r**2 - 14. Give b(-4).
2
Let u(h) = -68*h - 684. Calculate u(-10).
-4
Let r(a) = -9*a + 81. What is r(9)?
0
Let f(o) = 69*o**2 + 3*o - 2. Calculate f(-1).
64
Let z(f) = -21*f - 234. Determine z(-11).
-3
Let n(t) = 3*t**2 + 3*t - 20. Determine n(-5).
40
Let s(x) = -6*x - 96. Calculate s(-18).
12
Let a(h) = -h**3 - 46*h**2 + 47*h + 31. What is a(-47)?
31
Let q(b) = 7*b - 153. Give q(21).
-6
Let c(g) = -6*g**2 + 50*g + 6. Calculate c(10).
-94
Let y(d) = -d**3 + 2*d**2 - d. Give y(2).
-2
Let o(a) = 17*a + 20. Calculate o(-5).
-65
Let b(r) = r**3 + 12*r**2 + 14*r - 10. What is b(-11)?
-43
Let n(p) = -2*p - 10. Calculate n(10).
-30
Let q(d) = d**2 + 12*d - 14. Give q(-11).
-25
Let k(r) = r**2 - 5*r + 2. What is k(6)?
8
Let s(o) = -o + 1. Calculate s(8).
-7
Let w(v) = -20*v - 9. What is w(4)?
-89
Let m(r) = 2*r**3 - 14*r**2 + 2*r - 17. Determine m(7).
-3
Let k(o) = -2*o**3 - 9*o**2 + 2*o + 9. Give k(-5).
24
Let r(m) = m**3 + 11*m**2 + 4*m + 5. Calculate r(-6).
161
Let w(n) = -8*n**2 + 6*n - 3. What is w(1)?
-5
Let p(z) = z**2 + 17*z - 7. What is p(-17)?
-7
Let l(c) = -c + 7. Give l(0).
7
Let b(g) = -11*g + 156. Give b(14).
2
Let v(g) = -g**2 - 8*g + 19. What is v(-10)?
-1
Let j(g) = -g + 39. What is j(31)?
8
Let h(u) = -u**3 - 8*u**2 - 4*u + 17. What is h(-7)?
-4
Let m(n) = 7*n - 18. Determine m(-16).
-130
Let g(d) = 3*d**3 - 3*d**2 + 5*d + 7. What is g(3)?
76
Let h(j) = -2*j**2 + 24*j + 1. Calculate h(9).
55
Let a(y) = y**3 - 14*y**2 - 17*y + 21. Determine a(15).
-9
Let u(b) = 8*b - 14. What is u(5)?
26
Let n(c) = c**2 - 19*c + 52. What is n(7)?
-32
Let v(d) = d**2 - 9*d + 5. What is v(6)?
-13
Let w(a) = 5*a + 4. Determine w(-3).
-11
Let n(f) = f**2 + 3*f + 9. Determine n(-3).
9
Let x(u) = 2*u**2 + 23*u - 11. Calculate x(-12).
1
Let c(v) = -v**3 - 7*v**2 - v - 70. Ca